 340642285?
8
What is the ten thousands digit of 67207865?
0
What is the ten millions digit of 799647549?
9
What is the hundred thousands digit of 97009803?
0
What is the units digit of 1642166120?
0
What is the units digit of 1776190196?
6
What is the hundred thousands digit of 1312713966?
7
What is the billions digit of 2077938379?
2
What is the tens digit of 66620874?
7
What is the ten millions digit of 1228211430?
2
What is the hundreds digit of 2080324624?
6
What is the hundred thousands digit of 33363458?
3
What is the hundreds digit of 166354548?
5
What is the thousands digit of 39251956?
1
What is the millions digit of 75758284?
5
What is the units digit of 488519807?
7
What is the ten millions digit of 49412715?
4
What is the ten thousands digit of 1996693230?
9
What is the thousands digit of 92857224?
7
What is the hundred thousands digit of 4770436563?
4
What is the millions digit of 277027457?
7
What is the units digit of 148568376?
6
What is the ten millions digit of 1426916792?
2
What is the thousands digit of 475294132?
4
What is the tens digit of 60923659?
5
What is the hundred millions digit of 1154479681?
1
What is the tens digit of 108992707?
0
What is the millions digit of 12017547?
2
What is the tens digit of 3686762335?
3
What is the thousands digit of 3036683880?
3
What is the hundreds digit of 221899805?
8
What is the units digit of 736673037?
7
What is the hundreds digit of 37991381?
3
What is the units digit of 29939794?
4
What is the units digit of 42279190?
0
What is the ten millions digit of 307645245?
0
What is the units digit of 65761994?
4
What is the tens digit of 333226512?
1
What is the ten thousands digit of 46559617?
5
What is the units digit of 3204664403?
3
What is the units digit of 281142954?
4
What is the units digit of 178685410?
0
What is the hundred millions digit of 1276809584?
2
What is the millions digit of 6343011237?
3
What is the tens digit of 22705104?
0
What is the hundred thousands digit of 2402561555?
5
What is the hundred thousands digit of 1331763492?
7
What is the thousands digit of 814317134?
7
What is the millions digit of 28232600?
8
What is the hundred thousands digit of 32391627?
3
What is the hundred thousands digit of 432186110?
1
What is the hundreds digit of 165309241?
2
What is the ten thousands digit of 98228763?
2
What is the millions digit of 2743720444?
3
What is the hundred millions digit of 4988633444?
9
What is the billions digit of 1549965591?
1
What is the ten millions digit of 260189449?
6
What is the hundred millions digit of 665044127?
6
What is the hundred millions digit of 186488824?
1
What is the hundred millions digit of 786833652?
7
What is the hundreds digit of 117643762?
7
What is the hundred thousands digit of 217263278?
2
What is the hundred thousands digit of 37143535?
1
What is the hundred millions digit of 1215910196?
2
What is the tens digit of 45415830?
3
What is the ten thousands digit of 388457150?
5
What is the thousands digit of 239341795?
1
What is the units digit of 2190231089?
9
What is the hundred thousands digit of 61246450?
2
What is the ten millions digit of 93400910?
9
What is the units digit of 52484113?
3
What is the hundreds digit of 230971319?
3
What is the ten thousands digit of 1880262588?
6
What is the hundred millions digit of 187610615?
1
What is the hundred thousands digit of 45377704?
3
What is the hundred thousands digit of 885117006?
1
What is the millions digit of 293820457?
3
What is the units digit of 134120433?
3
What is the units digit of 626084720?
0
What is the hundred thousands digit of 390967080?
9
What is the units digit of 55073398?
8
What is the hundreds digit of 2022555406?
4
What is the hundred thousands digit of 77452993?
4
What is the ten millions digit of 1735394794?
3
What is the hundred thousands digit of 98892688?
8
What is the hundred millions digit of 496564893?
4
What is the units digit of 154322950?
0
What is the units digit of 3510021641?
1
What is the millions digit of 2459860402?
9
What is the units digit of 1187902166?
6
What is the hundred thousands digit of 48668522?
6
What is the units digit of 89512940?
0
What is the hundreds digit of 209244?
2
What is the ten millions digit of 368814192?
6
What is the ten thousands digit of 114491603?
9
What is the ten thousands digit of 95686801?
8
What is the ten thousands digit of 3220732684?
3
What is the hundred thousands digit of 223455894?
4
What is the ten thousands digit of 343912889?
1
What is the hundreds digit of 898459?
4
What is the thousands digit of 108598351?
8
What is the hundred millions digit of 231198652?
2
What is the ten thousands digit of 824689737?
8
What is the hundred thousands digit of 459604869?
6
What is the tens digit of 7854276433?
3
What is the hundred millions digit of 592299836?
5
What is the millions digit of 112066706?
2
What is the units digit of 201006458?
8
What is the hundred millions digit of 1349491097?
3
What is the ten millions digit of 60199902?
6
What is the thousands digit of 16023579?
3
What is the hundred thousands digit of 625969333?
9
What is the tens digit of 55944571?
7
What is the units digit of 3440754338?
8
What is the millions digit of 291774322?
1
What is the tens digit of 72148885?
8
What is the units digit of 377281616?
6
What is the hundred thousands digit of 30262979?
2
What is the thousands digit of 2742160?
2
What is the units digit of 1100059961?
1
What is the ten thousands digit of 31776010?
7
What is the ten thousands digit of 506076045?
7
What is the hundreds digit of 411811332?
3
What is the ten thousands digit of 31465399?
6
What is the units digit of 617862884?
4
What is the ten thousands digit of 28717564?
1
What is the tens digit of 73431073?
7
What is the ten thousands digit of 95037162?
3
What is the tens digit of 576246134?
3
What is the hundreds digit of 2632443378?
3
What is the hundreds digit of 24076976?
9
What is the ten thousands digit of 1025970592?
7
What is the billions digit of 1422169108?
1
What is the thousands digit of 244709934?
9
What is the ten millions digit of 675086754?
7
What is the ten thousands digit of 231068355?
6
What is the ten thousands digit of 55247584?
4
What is the ten thousands digit of 6206485020?
8
What is the tens digit of 2261727943?
4
What is the thousands digit of 784707348?
7
What is the thousands digit of 121232926?
2
What is the hundreds digit of 730189427?
4
What is the millions digit of 1550113786?
0
What is the millions digit of 38192311?
8
What is the ten millions digit of 5844150042?
4
What is the hundreds digit of 213113020?
0
What is the ten millions digit of 180002520?
8
What is the thousands digit of 108375245?
5
What is the ten millions digit of 5770719110?
7
What is the ten millions digit of 1566667634?
6
What is the units digit of 8531072?
2
What is the millions digit of 2863956007?
3
What is the millions digit of 22058059?
2
What is the millions digit of 4710908?
4
What is the hundred thousands digit of 36860634?
8
What is the ten millions digit of 3202098255?
0
What is the hundreds digit of 141981389?
3
What is the millions digit of 848425507?
8
What is the units digit of 654936687?
7
What is the units digit of 54280874?
4
What is the tens digit of 278463959?
5
What is the hundred thousands digit of 2459434317?
4
What is the millions digit of 66904327?
6
What is the hundreds digit of 41951049?
0
What is the hundred millions digit of 1043815613?
0
What is the ten millions digit of 69728693?
6
What is the thousands digit of 6061745406?
5
What is the hundreds digit of 48187376?
3
What is the hundreds digit of 227123727?
7
What is the hundred thousands digit of 590004?
5
What is the ten millions digit of 2814237453?
1
What is the thousands digit of 5865784982?
4
What is the hundred millions digit of 1891271023?
8
What is the hundreds digit of 881851872?
8
What is the millions digit of 476844043?
6
What is the tens digit of 1257023804?
0
What is the hundred thousands digit of 55523905?
5
What is the tens digit of 230598552?
5
What is the billions digit of 4829705621?
4
What is the tens digit of 76253342?
4
What is the hundreds digit of 29195415?
4
What is the tens digit of 379185560?
6
What is the units digit of 1512803514?
4
What 